{"id":11669,"date":"2016-07-29T16:57:36","date_gmt":"2016-07-29T15:57:36","guid":{"rendered":"http:\/\/www.neurocirugiabarcelona.com\/wp-content\/uploads\/2016\/06\/meningioma-infratentorial_result.jpg"},"modified":"2016-07-29T16:57:36","modified_gmt":"2016-07-29T15:57:36","slug":"meningioma-infratentorial_result-2","status":"inherit","type":"attachment","link":"https:\/\/www.neurocirugiabarcelona.com\/en\/pathologies\/brain-tumours\/meningiomas\/attachment\/meningioma-infratentorial_result-2\/","title":{"rendered":"meningioma infratentorial"},"author":1,"comment_status":"open","ping_status":"closed","template":"","meta":[],"yoast_head":"<!-- This site is optimized with the Yoast SEO plugin v20.11 - https:\/\/yoast.com\/wordpress\/plugins\/seo\/ -->\n<title>meningioma infratentorial - Neurocirug\u00eda Barcelona<\/title>\n<meta name=\"robots\" content=\"index, follow, max-snippet:-1, max-image-preview:large, max-video-preview:-1\" \/>\n<link rel=\"canonical\" href=\"https:\/\/www.neurocirugiabarcelona.com\/wp-content\/uploads\/2016\/06\/meningioma-infratentorial_result.jpg\" \/>\n<meta property=\"og:locale\" content=\"en_US\" \/>\n<meta property=\"og:type\" content=\"article\" \/>\n<meta property=\"og:title\" content=\"meningioma infratentorial - Neurocirug\u00eda Barcelona\" \/>\n<meta property=\"og:url\" content=\"https:\/\/www.neurocirugiabarcelona.com\/wp-content\/uploads\/2016\/06\/meningioma-infratentorial_result.jpg\" \/>\n<meta property=\"og:site_name\" content=\"Neurocirug\u00eda Barcelona\" \/>\n<meta property=\"og:image\" content=\"https:\/\/www.neurocirugiabarcelona.com\/wp-content\/uploads\/2016\/06\/meningioma-infratentorial_result.jpg\" \/>\n\t<meta property=\"og:image:width\" content=\"180\" \/>\n\t<meta property=\"og:image:height\" content=\"175\" \/>\n\t<meta property=\"og:image:type\" content=\"image\/jpeg\" \/>\n<meta name=\"twitter:card\" content=\"summary_large_image\" \/>\n<script type=\"application\/ld+json\" class=\"yoast-schema-graph\">{\"@context\":\"https:\/\/schema.org\",\"@graph\":[{\"@type\":\"WebPage\",\"@id\":\"https:\/\/www.neurocirugiabarcelona.com\/wp-content\/uploads\/2016\/06\/meningioma-infratentorial_result.jpg\",\"url\":\"https:\/\/www.neurocirugiabarcelona.com\/wp-content\/uploads\/2016\/06\/meningioma-infratentorial_result.jpg\",\"name\":\"meningioma infratentorial - Neurocirug\u00eda Barcelona\",\"isPartOf\":{\"@id\":\"https:\/\/www.neurocirugiabarcelona.com\/#website\"},\"datePublished\":\"2016-07-29T15:57:36+00:00\",\"dateModified\":\"2016-07-29T15:57:36+00:00\",\"breadcrumb\":{\"@id\":\"https:\/\/www.neurocirugiabarcelona.com\/wp-content\/uploads\/2016\/06\/meningioma-infratentorial_result.jpg#breadcrumb\"},\"inLanguage\":\"en-US\",\"potentialAction\":[{\"@type\":\"ReadAction\",\"target\":[\"https:\/\/www.neurocirugiabarcelona.com\/wp-content\/uploads\/2016\/06\/meningioma-infratentorial_result.jpg\"]}]},{\"@type\":\"BreadcrumbList\",\"@id\":\"https:\/\/www.neurocirugiabarcelona.com\/wp-content\/uploads\/2016\/06\/meningioma-infratentorial_result.jpg#breadcrumb\",\"itemListElement\":[{\"@type\":\"ListItem\",\"position\":1,\"name\":\"Portada\",\"item\":\"https:\/\/www.neurocirugiabarcelona.com\/en\/\"},{\"@type\":\"ListItem\",\"position\":2,\"name\":\"Pathologies\",\"item\":\"https:\/\/www.neurocirugiabarcelona.com\/en\/pathologies\/\"},{\"@type\":\"ListItem\",\"position\":3,\"name\":\"Brain Tumours\",\"item\":\"https:\/\/www.neurocirugiabarcelona.com\/en\/pathologies\/brain-tumours\/\"},{\"@type\":\"ListItem\",\"position\":4,\"name\":\"Meningiomas\",\"item\":\"https:\/\/www.neurocirugiabarcelona.com\/patologias\/tumores-cerebrales\/meningiomas\/\"},{\"@type\":\"ListItem\",\"position\":5,\"name\":\"meningioma infratentorial\"}]},{\"@type\":\"WebSite\",\"@id\":\"https:\/\/www.neurocirugiabarcelona.com\/#website\",\"url\":\"https:\/\/www.neurocirugiabarcelona.com\/\",\"name\":\"Neurocirug\u00eda Barcelona\",\"description\":\"Tratamiento integral de las patolog\u00edas neuroquir\u00fargicas mediante una visi\u00f3n multidisciplinar\",\"potentialAction\":[{\"@type\":\"SearchAction\",\"target\":{\"@type\":\"EntryPoint\",\"urlTemplate\":\"https:\/\/www.neurocirugiabarcelona.com\/?s={search_term_string}\"},\"query-input\":\"required name=search_term_string\"}],\"inLanguage\":\"en-US\"}]}<\/script>\n<!-- \/ Yoast SEO plugin. -->","yoast_head_json":{"title":"meningioma infratentorial - Neurocirug\u00eda Barcelona","robots":{"index":"index","follow":"follow","max-snippet":"max-snippet:-1","max-image-preview":"max-image-preview:large","max-video-preview":"max-video-preview:-1"},"canonical":"https:\/\/www.neurocirugiabarcelona.com\/wp-content\/uploads\/2016\/06\/meningioma-infratentorial_result.jpg","og_locale":"en_US","og_type":"article","og_title":"meningioma infratentorial - Neurocirug\u00eda Barcelona","og_url":"https:\/\/www.neurocirugiabarcelona.com\/wp-content\/uploads\/2016\/06\/meningioma-infratentorial_result.jpg","og_site_name":"Neurocirug\u00eda Barcelona","og_image":[{"width":180,"height":175,"url":"https:\/\/www.neurocirugiabarcelona.com\/wp-content\/uploads\/2016\/06\/meningioma-infratentorial_result.jpg","type":"image\/jpeg"}],"twitter_card":"summary_large_image","schema":{"@context":"https:\/\/schema.org","@graph":[{"@type":"WebPage","@id":"https:\/\/www.neurocirugiabarcelona.com\/wp-content\/uploads\/2016\/06\/meningioma-infratentorial_result.jpg","url":"https:\/\/www.neurocirugiabarcelona.com\/wp-content\/uploads\/2016\/06\/meningioma-infratentorial_result.jpg","name":"meningioma infratentorial - Neurocirug\u00eda Barcelona","isPartOf":{"@id":"https:\/\/www.neurocirugiabarcelona.com\/#website"},"datePublished":"2016-07-29T15:57:36+00:00","dateModified":"2016-07-29T15:57:36+00:00","breadcrumb":{"@id":"https:\/\/www.neurocirugiabarcelona.com\/wp-content\/uploads\/2016\/06\/meningioma-infratentorial_result.jpg#breadcrumb"},"inLanguage":"en-US","potentialAction":[{"@type":"ReadAction","target":["https:\/\/www.neurocirugiabarcelona.com\/wp-content\/uploads\/2016\/06\/meningioma-infratentorial_result.jpg"]}]},{"@type":"BreadcrumbList","@id":"https:\/\/www.neurocirugiabarcelona.com\/wp-content\/uploads\/2016\/06\/meningioma-infratentorial_result.jpg#breadcrumb","itemListElement":[{"@type":"ListItem","position":1,"name":"Portada","item":"https:\/\/www.neurocirugiabarcelona.com\/en\/"},{"@type":"ListItem","position":2,"name":"Pathologies","item":"https:\/\/www.neurocirugiabarcelona.com\/en\/pathologies\/"},{"@type":"ListItem","position":3,"name":"Brain Tumours","item":"https:\/\/www.neurocirugiabarcelona.com\/en\/pathologies\/brain-tumours\/"},{"@type":"ListItem","position":4,"name":"Meningiomas","item":"https:\/\/www.neurocirugiabarcelona.com\/patologias\/tumores-cerebrales\/meningiomas\/"},{"@type":"ListItem","position":5,"name":"meningioma infratentorial"}]},{"@type":"WebSite","@id":"https:\/\/www.neurocirugiabarcelona.com\/#website","url":"https:\/\/www.neurocirugiabarcelona.com\/","name":"Neurocirug\u00eda Barcelona","description":"Tratamiento integral de las patolog\u00edas neuroquir\u00fargicas mediante una visi\u00f3n multidisciplinar","potentialAction":[{"@type":"SearchAction","target":{"@type":"EntryPoint","urlTemplate":"https:\/\/www.neurocirugiabarcelona.com\/?s={search_term_string}"},"query-input":"required name=search_term_string"}],"inLanguage":"en-US"}]}},"description":{"rendered":"<p class=\"attachment\"><a href='https:\/\/www.neurocirugiabarcelona.com\/wp-content\/uploads\/2016\/06\/meningioma-infratentorial_result.jpg' rel=\"lightbox[11669]\"><img width=\"180\" height=\"175\" src=\"https:\/\/www.neurocirugiabarcelona.com\/wp-content\/uploads\/2016\/06\/meningioma-infratentorial_result.jpg\" class=\"attachment-medium size-medium\" alt=\"\" decoding=\"async\" loading=\"lazy\" \/><\/a><\/p>\n"},"caption":{"rendered":""},"alt_text":"","media_type":"image","mime_type":"image\/jpeg","media_details":{"width":180,"height":175,"file":"2016\/06\/meningioma-infratentorial_result.jpg","sizes":{"thumbnail":{"file":"meningioma-infratentorial_result-150x150.jpg","width":150,"height":150,"mime_type":"image\/jpeg","source_url":"https:\/\/www.neurocirugiabarcelona.com\/wp-content\/uploads\/2016\/06\/meningioma-infratentorial_result-150x150.jpg"},"widget":{"file":"meningioma-infratentorial_result-90x60.jpg","width":90,"height":60,"mime_type":"image\/jpeg","source_url":"https:\/\/www.neurocirugiabarcelona.com\/wp-content\/uploads\/2016\/06\/meningioma-infratentorial_result-90x60.jpg"},"related":{"file":"meningioma-infratentorial_result-180x110.jpg","width":180,"height":110,"mime_type":"image\/jpeg","source_url":"https:\/\/www.neurocirugiabarcelona.com\/wp-content\/uploads\/2016\/06\/meningioma-infratentorial_result-180x110.jpg"},"full":{"file":"meningioma-infratentorial_result.jpg","width":180,"height":175,"mime_type":"image\/jpeg","source_url":"https:\/\/www.neurocirugiabarcelona.com\/wp-content\/uploads\/2016\/06\/meningioma-infratentorial_result.jpg"}},"image_meta":{"aperture":"2.8","credit":"","camera":"Canon DIGITAL IXUS 500","caption":"","created_timestamp":"1113928247","copyright":"","focal_length":"7.40625","iso":"0","shutter_speed":"0.0125","title":"","orientation":"1","keywords":[]}},"post":11805,"source_url":"https:\/\/www.neurocirugiabarcelona.com\/wp-content\/uploads\/2016\/06\/meningioma-infratentorial_result.jpg","_links":{"self":[{"href":"https:\/\/www.neurocirugiabarcelona.com\/en\/wp-json\/wp\/v2\/media\/11669"}],"collection":[{"href":"https:\/\/www.neurocirugiabarcelona.com\/en\/wp-json\/wp\/v2\/media"}],"about":[{"href":"https:\/\/www.neurocirugiabarcelona.com\/en\/wp-json\/wp\/v2\/types\/attachment"}],"author":[{"embeddable":true,"href":"https:\/\/www.neurocirugiabarcelona.com\/en\/wp-json\/wp\/v2\/users\/1"}],"replies":[{"embeddable":true,"href":"https:\/\/www.neurocirugiabarcelona.com\/en\/wp-json\/wp\/v2\/comments?post=11669"}]}}

<!-- This site is optimized with the Yoast SEO plugin v20.11 - https://yoast.com/wordpress/plugins/seo/ -->
<title>meningioma infratentorial - Neurocirugía Barcelona</title>
<meta name="robots" content="index, follow, max-snippet:-1, max-image-preview:large, max-video-preview:-1" />
<link rel="canonical" href="https://www.neurocirugiabarcelona.com/wp-content/uploads/2016/06/meningioma-infratentorial_result.jpg" />
<meta property="og:locale" content="en_US" />
<meta property="og:type" content="article" />
<meta property="og:title" content="meningioma infratentorial - Neurocirugía Barcelona" />
<meta property="og:url" content="https://www.neurocirugiabarcelona.com/wp-content/uploads/2016/06/meningioma-infratentorial_result.jpg" />
<meta property="og:site_name" content="Neurocirugía Barcelona" />
<meta property="og:image" content="https://www.neurocirugiabarcelona.com/wp-content/uploads/2016/06/meningioma-infratentorial_result.jpg" />
	<meta property="og:image:width" content="180" />
	<meta property="og:image:height" content="175" />
	<meta property="og:image:type" content="image/jpeg" />
<meta name="twitter:card" content="summary_large_image" />
<script type="application/ld+json" class="yoast-schema-graph">{"@context":"https://schema.org","@graph":[{"@type":"WebPage","@id":"https://www.neurocirugiabarcelona.com/wp-content/uploads/2016/06/meningioma-infratentorial_result.jpg","url":"https://www.neurocirugiabarcelona.com/wp-content/uploads/2016/06/meningioma-infratentorial_result.jpg","name":"meningioma infratentorial - Neurocirugía Barcelona","isPartOf":{"@id":"https://www.neurocirugiabarcelona.com/#website"},"datePublished":"2016-07-29T15:57:36+00:00","dateModified":"2016-07-29T15:57:36+00:00","breadcrumb":{"@id":"https://www.neurocirugiabarcelona.com/wp-content/uploads/2016/06/meningioma-infratentorial_result.jpg#breadcrumb"},"inLanguage":"en-US","potentialAction":[{"@type":"ReadAction","target":["https://www.neurocirugiabarcelona.com/wp-content/uploads/2016/06/meningioma-infratentorial_result.jpg"]}]},{"@type":"BreadcrumbList","@id":"https://www.neurocirugiabarcelona.com/wp-content/uploads/2016/06/meningioma-infratentorial_result.jpg#breadcrumb","itemListElement":[{"@type":"ListItem","position":1,"name":"Portada","item":"https://www.neurocirugiabarcelona.com/en/"},{"@type":"ListItem","position":2,"name":"Pathologies","item":"https://www.neurocirugiabarcelona.com/en/pathologies/"},{"@type":"ListItem","position":3,"name":"Brain Tumours","item":"https://www.neurocirugiabarcelona.com/en/pathologies/brain-tumours/"},{"@type":"ListItem","position":4,"name":"Meningiomas","item":"https://www.neurocirugiabarcelona.com/patologias/tumores-cerebrales/meningiomas/"},{"@type":"ListItem","position":5,"name":"meningioma infratentorial"}]},{"@type":"WebSite","@id":"https://www.neurocirugiabarcelona.com/#website","url":"https://www.neurocirugiabarcelona.com/","name":"Neurocirugía Barcelona","description":"Tratamiento integral de las patologías neuroquirúrgicas mediante una visión multidisciplinar","potentialAction":[{"@type":"SearchAction","target":{"@type":"EntryPoint","urlTemplate":"https://www.neurocirugiabarcelona.com/?s={search_term_string}"},"query-input":"required name=search_term_string"}],"inLanguage":"en-US"}]}</script>
<!-- / Yoast SEO plugin. -->

meningioma infratentorial - Neurocirugía Barcelona

Neurocirugía Barcelona

Tratamiento integral de las patologías neuroquirúrgicas mediante una visión multidisciplinar
